05).
-17
Let a(v) = 674*v - 77511. What is a(115)?
-1
Let u(i) = -1318*i - 2632. Give u(-2).
4
Let z(k) = -2*k**3 + 48*k**2 - 52*k + 254. What is z(23)?
116
Let u(g) = -15*g**3 + 120*g**2 - 187*g + 55. Calculate u(6).
13
Let t(h) = -24444*h - 24391. Determine t(-1).
53
Let k(m) = -m**3 - m**2 + 10619*m - 31850. What is k(3)?
-29
Let j(n) = -n**3 - 247*n**2 - 292*n - 12064. What is j(-246)?
-748
Let k(i) = -i**2 - 11555*i - 540736. Calculate k(-47).
140
Let b(t) = -184*t - 7090. Determine b(-41).
454
Let q(n) = -319*n - 141957. Calculate q(-445).
-2
Let m(j) = -j**3 - 27*j**2 + 232*j + 96. What is m(-33)?
-1026
Let i(c) = 75*c**2 - 1181*c - 290. Give i(16).
14
Let q(j) = 19673*j - 157410. What is q(8)?
-26
Let x(g) = -g**3 - g**2 - 67*g - 64. What is x(6)?
-718
Let r(l) = 10*l**2 - 988*l - 447. Calculate r(107).
8327
Let d(c) = 529*c + 14327. Calculate d(-27).
44
Let y(n) = -43412*n + 607754. Give y(14).
-14
Let y(w) = 6029*w - 247186. Calculate y(41).
3
Let m(z) = 5*z**2 + 54*z - 32. Give m(-12).
40
Let z(w) = w**3 + 177*w**2 + 724*w - 157994. What is z(-167)?
-12
Let s(f) = -19*f**2 + 3155*f + 6162. What is s(168)?
-54
Let h(q) = -q**3 - 68859*q**2 + 2204510*q + 65. Determine h(32).
1
Let w(q) = -q**3 - 86*q**2 + 25951*q + 2213054. Give w(-85).
-6
Let w(v) = -1143*v + 344050. Determine w(301).
7
Let s(u) = -76710*u + 116906035. What is s(1524)?
-5
Let z(f) = -58505*f + 6026014. What is z(103)?
-1
Let t(j) = -17*j**2 + 1324*j - 13328. What is t(10)?
-1788
Let t(k) = 1875*k + 292472. What is t(-156)?
-28
Let q(o) = -2*o**2 + 713*o - 42878. Determine q(72).
-1910
Let h(a) = a**3 - 3*a**2 + 22*a + 99. Give h(6).
339
Let f(v) = 22*v**2 - 31*v - 80. Determine f(-6).
898
Let z(v) = 104*v**2 + 40971*v - 1909. Give z(-394).
61
Let b(c) = -22*c**2 + 27322*c + 2492. Calculate b(1242).
8
Let z(l) = -364*l + 70766. Give z(194).
150
Let h(r) = 2*r**3 + 83*r**2 + 319*r - 517. What is h(-37)?
1
Let b(g) = -14659*g - 454413. Determine b(-31).
16
Let u(n) = 13449*n**2 + 4344033*n + 1943. What is u(-323)?
5
Let v(n) = -2*n**2 - 178*n - 4437. Calculate v(-68).
-1581
Let t(g) = 1166*g - 26943. Give t(23).
-125
Let m(z) = -69135*z + 483934. Calculate m(7).
-11
Let s(u) = -u**2 + 44*u + 661. Calculate s(-10).
121
Let g(z) = -38*z**3 - 14*z**2 + 18*z + 46. Give g(-2).
258
Let s(z) = -8*z**2 - 328*z - 1919. Calculate s(-6).
-239
Let w(o) = o**2 + 6*o - 141. What is w(26)?
691
Let d(j) = j**3 - 104*j**2 + 352*j - 25648. What is d(103)?
-1
Let k(x) = -x**3 - 151*x**2 - 87*x - 13133. Give k(-151).
4
Let l(n) = 202148*n + 10. Give l(0).
10
Let d(l) = 1082*l + 1090642. Calculate d(-1008).
-14
Let y(r) = -3060*r - 33738. Calculate y(-11).
-78
Let b(v) = 24*v**2 + 3078*v - 2322. What is b(-129)?
0
Let r(z) = -50*z**2 - 11380*z - 22768. What is r(-2)?
-208
Let g(f) = -24*f**2 - 6312*f - 18932. Determine g(-3).
-212
Let h(a) = -342*a**2 + 3064*a + 98. Determine h(9).
-28
Let f(n) = 21*n - 510. Give f(52).
582
Let t(g) = -653*g + 53064. What is t(81)?
171
Let p(w) = -442*w**2 - 30941*w + 83. Determine p(-70).
153
Let s(d) = 18*d**2 + 29*d + 153. Calculate s(-6).
627
Let q(k) = 130*k - 12578. What is q(97)?
32
Let u(t) = -9*t**3 - 7*t**2 + 21*t + 126. Calculate u(-3).
243
Let i(k) = -50104*k - 851853. What is i(-17)?
-85
Let n(o) = 3983*o - 55719. Give n(14).
43
Let x(c) = -2*c**2 - 379*c - 3986. Give x(-11).
-59
Let z(o) = -o**2 + 246*o - 10653. What is z(56)?
-13
Let u(j) = -4*j**2 - 329*j - 6618. What is u(-35)?
-3
Let r(p) = -9*p**2 - 1563*p - 5664. What is r(-170)?
-54
Let x(a) = -a**2 - 203*a + 9095. What is x(40)?
-625
Let x(k) = 143633*k + 1149100. Calculate x(-8).
36
Let z(b) = -26179*b + 130941. Give z(5).
46
Let k(j) = 2*j**3 + 47*j**2 + 2723*j + 65918. What is k(-24)?
-10
Let z(t) = 42*t**2 + 143*t + 12. Determine z(-5).
347
Let g(y) = 74*y**2 + 10*y + 19. What is g(3)?
715
Let l(c) = -68672*c + 137638. Give l(2).
294
Let k(x) = -805*x**3 + 25*x**2 + 23*x - 3. Calculate k(-1).
804
Let l(n) = -n**3 - 30*n**2 - 163*n - 1245. Calculate l(-27).
969
Let p(f) = f**2 - 177*f + 7243. Determine p(112).
-37
Let d(f) = -4*f**3 + 8*f**2 + 94*f - 186. Determine d(2).
2
Let u(v) = -107*v - 19216. What is u(-178)?
-170
Let p(k) = -3776*k + 785422. What is p(208)?
14
Let a(c) = -1517*c + 4797. Calculate a(4).
-1271
Let v(h) = -h**3 - 233*h**2 + 13799*h + 975. What is v(49)?
44
Let f(y) = -2124*y - 2451. Determine f(-1).
-327
Let j(m) = -130*m**2 + 256*m + 15. Give j(2).
7
Let s(o) = 3*o**3 + 322*o**2 + 93*o - 1439. Give s(-107).
59
Let r(h) = -27595*h - 55231. What is r(-2)?
-41
Let s(h) = -h**3 + 308*h**2 + 3865*h - 7944. Calculate s(320).
56
Let v(l) = 66*l**2 - 5561*l + 105768. Calculate v(29).
5
Let t(a) = 39674*a + 6784248. Determine t(-171).
-6
Let z(x) = -6*x**3 + 196*x**2 - 360*x + 14062. Determine z(33).
4
Let q(o) = o**3 + 39*o**2 + 131*o + 6783. What is q(-40)?
-57
Let z(k) = 65587*k**2 + 1311739*k - 20. What is z(-20)?
0
Let y(m) = 43*m - 1660. Give y(47).
361
Let q(u) = 8*u**3 - 568*u**2 + 47*u - 3346. Determine q(71).
-9
Let j(l) = -l**2 - 177*l + 4364. Calculate j(22).
-14
Let h(r) = 15270*r + 534445. What is h(-35)?
-5
Let q(i) = -i**2 - 137*i + 51646. Calculate q(170).
-544
Let d(g) = -309*g - 17902. Calculate d(-58).
20
Let d(g) = -g**3 + 178*g**2 + 357*g + 707. What is d(180)?
167
Let s(a) = -32*a**2 - 1763*a - 15623. Give s(-44).
-3
Let k(x) = 84*x - 5311. What is k(60)?
-271
Let s(p) = -2052*p + 75916. Determine s(37).
-8
Let h(j) = j**3 - 26*j**2 - 45*j + 395. Calculate h(27).
-91
Let j(y) = -390*y - 60509. Give j(-154).
-449
Let l(x) = -2*x**2 - 187*x + 3627. Calculate l(-110).
-3
Let t(h) = 3*h**3 + 13*h**2 + 8*h - 3. Calculate t(-3).
9
Let c(v) = 2*v**2 + 27*v - 32. Calculate c(2).
30
Let a(o) = 2*o**3 - 291*o**2 + 993*o + 158. What is a(142)?
16
Let j(v) = 12*v**2 - 1060*v + 15096. Give j(18).
-96
Let s(y) = y**3 + 148*y**2 + 1125*y + 79056. Give s(-144).
0
Let q(m) = 830*m**2 - 546*m - 3. What is q(1)?
281
Let j(t) = 2*t**3 + 171*t**2 + 3204*t - 453. What is j(-28)?
-5
Let b(a) = -4*a**2 + 10097*a - 120373. Give b(12).
215
Let h(t) = -88*t + 41724. Calculate h(474).
12
Let c(d) = 8*d**3 - 4*d**2 - 9*d + 1. Calculate c(-1).
-2
Let p(f) = -540*f + 14090. Calculate p(27).
-490
Let m(p) = -3289*p - 39434. Determine m(-12).
34
Let n(b) = -1616*b - 1738813. What is n(-1076)?
3
Let g(c) = 4*c**2 - 254*c - 2601. Determine g(-10).
339
Let n(c) = -1406*c + 71619. Give n(51).
-87
Let z(u) = -11*u**3 - 3*u**2 - 89*u + 283. Determine z(3).
-308
Let s(z) = -z**3 - 58*z**2 + 90*z - 1805. Give s(-60).
-5
Let q(w) = w**2 - 156*w + 1957. What is q(14)?
-31
Let h(i) = -i**3 + 163*i**2 - 669*i - 18877. What is h(158)?
241
Let h(n) = 2*n**3 - 644*n**2 + 5040*n - 5022. What is h(314)?
2
Let d(f) = -492*f + 75680. Calculate d(154).
-88
Let l(s) = -41*s + 8337. Determine l(200).
137
Let x(q) = 1863*q + 555180. Calculate x(-298).
6
Let g(n) = n**3 - 63*n**2 - 3892*n + 245185. Calculate g(64).
193
Let f(l) = -405*l + 24215. Calculate f(60).
-85
Let v(b) = 5*b**2 + 517*b - 5159. Calculate v(10).
511
Let q(r) = -69*r - 550. Determine q(4).
-826
Let n(z) = 24866*z - 1019494. What is n(41)?
12
Let i(r) = -r**2 - 3012*r + 889681. What is i(271)?
-12
Let v(i) = i**3 + 33*i**2 + 133*i + 4377. Calculate v(-33).
-12
Let x(r) = -82*r + 1380. Determine x(13).
314
Let n(q) = -333410*q + 2667261. Determine n(8).
-19
Let n(t) = -t**3 + 253*t**2 - 13646*t - 721. What is n(175)?
-21
Let x(v) = -3*v**3 + 530*v**2 - 7280*v + 85. Calculate x(15).
10
Let a(n) = 925*n + 49437. What is a(-53)?
412
Let w(h) = 548*h - 7893. Give w(15).
327
Let y(n) = 1273*n**2 - 29446*n + 3847. Calculate y(23).
6
Let l(p) = -260*p + 58344. What is l(224)?
104
Let n(s) = 13825*s + 940065. Calculate n(-68).
-35
Let y(g) = 3*g**3 + 974*g**2 - 17785*g - 363. Give y(-342).
-21
Let b(s) = 42*s**3 + 1133*s**2 - 30*s - 78. Determine b(-27).
3
Let y(b) = -b**2 + 896*b + 60412. Determine y(-63).
-5
Let a(q) = 495*q + 23171. Determine a(-47).
-94
Let v(p) = -p**2 - 40*p + 280. Give v(-15).
655
Let u(r) = 2*r**3 + 352*r**2 + 352*r + 359. Determine u(-175).
9
Let y(j) = 498*j + 3793. Calculate y(-15).
-3677
Let j(r) = 2*r**3 + 30*r**2 - 555*r + 17075. Determine j(-32).
19
Let f(n) = -5*n**3 - 1229*n**2 - 2237*n - 10048. Calculat